alculate p(f).
-5
Let k(v) = 9*v**2 + 26*v - 20. Let f(h) = 52*h**2 + 154*h - 119. Let n(x) = 3*f(x) - 17*k(x). Calculate n(-9).
46
Let l(v) = -7*v**3 + 6*v**2 + 7*v - 9. Let q(u) = -68*u**3 + 60*u**2 + 69*u - 89. Let c(i) = -39*l(i) + 4*q(i). Let k be (-4)/18 - (-86)/(-18). What is c(k)?
5
Let z(o) = -o + 1. Let f(l) = -9*l + 9. Let j(h) = h - 4. Let m be j(-2). Let w(t) = m*z(t) + f(t). Let d(a) = a - 11. Let x be d(14). Calculate w(x).
-6
Let x(f) = f**2 - 4*f. Let q be x(5). Suppose -8 = -q*p + 3*p. Let y(a) = 2*a**3 - 3*a - 3*a**3 + 7*a**2 - 16*a**2 + 5*a**2 + 2*a**3. Give y(p).
-12
Let u(r) = -4*r**3 + r**2 + 2*r - 3. Suppose -15*a - 37 = -52. Give u(a).
-4
Let y(f) be the second derivative of -10*f + 17/6*f**3 + 0 - 1/6*f**4 + 1/60*f**5 + 0*f**2. Let i(j) be the second derivative of y(j). Determine i(-6).
-16
Let j(k) be the third derivative of k**6/360 - k**5/24 + 7*k**4/24 - 16*k**3 - k**2 + 31*k. Let r(f) be the first derivative of j(f). Determine r(6).
13
Suppose -52 + 16 = -3*l. Let t = l + -10. Suppose t*g + g + 19 = -i, 0 = 4*i - 8. Let z(r) = r**3 + 7*r**2 + r - 1. What is z(g)?
-8
Let z(y) = -y**3 + 4*y**2 - 2*y. Let w be z(3). Let i(c) be the third derivative of c**4/12 - c**3/3 + 51*c**2 + c. Determine i(w).
4
Suppose -2*k - 27 = 5*t, 0 = -14*k + 13*k - t - 9. Let s(h) = 2*h**2 - 3*h - 19. What is s(k)?
71
Let c be 1*3/24*8. Let w(h) be the first derivative of h**4 - h**2/2 + h - 10. What is w(c)?
4
Let j(o) = -2*o**3 + 21*o**2 - o - 84. Let n = -16601 - -16611. Calculate j(n).
6
Let h(s) be the second derivative of s**5/20 + 7*s**4/6 + s**3/2 + 49*s**2/2 - 270*s. Give h(-14).
7
Let q(y) = -73*y - 2994. Let n be q(-41). Let p(b) = -4*b**2 - 2*b - 1. Let g(m) = -4*m**2 - m. Let l(z) = -3*g(z) + 2*p(z). Give l(n).
3
Suppose 223 = -2*y - 139. Let x = -180 - y. Let s(d) = 6*d - 1. What is s(x)?
5
Suppose 25 = -g + 28. Suppose g*a + 57 = 6*a. Suppose -2*p + a - 27 = 0. Let n(m) = -m + 1. What is n(p)?
5
Let v(c) = -c**3 + 7*c**2 + 3*c + 11. Suppose t = -4*t + 2*a, -5*a - 15 = -5*t. Let d(k) = -k**3 + k**2 + 1. Let h(w) = t*d(w) + v(w). What is h(-5)?
-6
Let w(v) = v**2 - 15*v - 159. Let l be (-1725)/(-920) - 71/8. Give w(l).
-5
Let w(m) = -2*m**2 + 14*m + 12. Let q be (-74 + 49)*((-4)/(-6))/((-10)/3). Determine w(q).
32
Let g(l) = -l**3 + 6*l. Let q(t) = -6*t**3 - 15*t**2 + 31*t + 13. Let d(w) = 5*g(w) - q(w). Give d(-15).
2
Let i(k) = 7*k. Let a be (14/3)/(12/(-162)). Let m = -63 - a. Suppose m = -5*f + 10. What is i(f)?
14
Let l = -16028 + 16004. Let s(f) = -13*f - 314. Calculate s(l).
-2
Let v(c) = -c + 10. Suppose -2 - 10 = -3*n. Suppose -2*x + 152 = n*a - 6*x, -5 = 5*x. Let s = 44 - a. Give v(s).
3
Let v(l) be the third derivative of -l**4/8 - 2*l**3/3 + 3*l**2. Let u(m) = 137*m**3 - 3*m**2 - 5*m - 3. Let d be u(-1). Let q = d + 135. What is v(q)?
5
Let b be (-3)/(-6)*14*1. Let d(m) be the first derivative of -m**2 - 8*m + 1/4*m**4 + 136 - 7/3*m**3. Calculate d(b).
-22
Let c(r) = 102*r - 209. Suppose -66 - 230 = -148*j. Determine c(j).
-5
Let o(b) = 1 + 2 - 1 - 1 + 6*b. Let l be o(-1). Let g(k) = -6*k - 25. Let x(c) = -2*c - 9. Let q(j) = -4*g(j) + 11*x(j). Determine q(l).
-9
Let v(i) = 6*i**2 - 34*i + 38. Let o(a) = -2*a**2 - 2*a. Let m(s) = -2*o(s) - v(s). Determine m(18).
-2
Let i(s) = 2*s + 8. Let l(h) = -6*h - 45. Let t(o) = -4*i(o) - l(o). What is t(7)?
-1
Let q(p) be the first derivative of p**3/3 - 9*p**2/2 + 8*p + 382. Give q(4).
-12
Let x = 72999 + -72997. Let n(k) be the second derivative of -k**4/12 + k**3/3 + k**2 - k. Calculate n(x).
2
Suppose -113*t - 39 - 171 = -134*t. Let q(p) be the first derivative of p**3/3 - 6*p**2 + 43. What is q(t)?
-20
Suppose -16*m - 1216 = 288*m. Let r(o) = o**2 + 9*o + 13. Give r(m).
-7
Let x(d) = -d**2 + 3*d - 1. Suppose 34 = 5*n - 4*q + 2*q, 3*q + 12 = n. Suppose -h + 14 = 3*y, -y + n*y + 4*h - 21 = 0. Give x(y).
-11
Let o(k) = -k + 8 + 1 + 2*k + 4 + 2. Give o(-10).
5
Let w(c) be the third derivative of -44*c**2 + 0 + 1/60*c**5 + 4/3*c**3 + c - 1/3*c**4. Let r = -7 + 14. Determine w(r).
1
Suppose -4*i + 4*v - 21 - 7 = 0, 2*i + 6*v = -62. Let y(a) = a**2 + 15*a - 5. Determine y(i).
-31
Let j(h) be the first derivative of h**4/4 + 7*h**3/3 + 11*h**2/2 + 3*h + 1443. What is j(-4)?
7
Let p(s) = -60*s**2 - 6*s + 215*s**2 + 9 - 154*s**2. Determine p(5).
4
Let t(v) be the second derivative of 3*v**4/4 + v**3/3 + v**2/2 + v. Let g be ((-81)/(-18))/((-21)/(-28)). Let d be (-2*g/(-12) - 7) + 5. Determine t(d).
8
Let r = -475 - -480. Let d(x) = -4*x + 18. Let c be d(r). Let o(u) = -u**3 - u**2 + 2*u + 3. Give o(c).
3
Let g(p) = p**2 - 18*p - 26. Let w be 15/2 - (2 - 21/6). Let m be g(w). Let h = -103 - m. Let v(b) = b - 4. Calculate v(h).
0
Let o(c) be the second derivative of -1/6*c**4 + 1/3*c**3 - 26*c + 0 + 4*c**2. Let p(h) be the first derivative of o(h). Determine p(2).
-6
Let a be 7/14*-2*5. Let o(m) = m**3 - 6*m**2 + 5*m - 7. Let l(p) = -4*p**3 + 19*p**2 - 15*p + 22. Let x(d) = -2*l(d) - 7*o(d). Give x(a).
5
Let g(t) be the third derivative of -t**6/120 - t**5/12 - t**4/12 - 2*t**2 + 271*t - 1. Let w be (-2 + -2)/(-2 - -3). Calculate g(w).
-8
Let j(y) = y - 7. Suppose 24 = -4*z + 40. Let x = -25 + z. Let s be (0 - 2)*x/14 + 2. Give j(s).
-2
Let p(c) = 3*c**2 + c + 8. Let z(g) = -2*g**3 - 7*g**2 + 58*g + 8. Let l be z(4). Determine p(l).
8
Let t(v) = v**3 + 8 - 54170*v - 8 + 17*v**2 + 54199*v. Give t(-15).
15
Suppose g = 2*g + s + 3, 5*s = g - 15. Suppose -2*o - 10 = -g*o. Let v(n) be the third derivative of -n**4/8 - 101*n**2. Calculate v(o).
15
Let c(u) = u + 12. Let y(p) = -4*p - 59. Let j(x) = 14*c(x) + 2*y(x). Give j(-7).
8
Let y be (-128)/(-80)*(-225)/(-36). Let k(q) = 4*q - 27. Determine k(y).
13
Let y = -48 - -10. Let u = 41 + y. Let v(n) = 12*n**u - 2*n - 19*n**3 + 8*n**3 + 1. Calculate v(1).
0
Let s(d) = 9*d**3 + 2*d**2 + 3*d + 6. Let l(q) = 4*q**3 + q**2 + 2*q + 3. Let m(c) = -5*l(c) + 2*s(c). Suppose 5*w = 3*h - 16, -2 = 5*w - 4*h + 16. Give m(w).
17
Let x(g) = 611*g**2 - 3 - g + 2*g - 1219*g**2 + 606*g**2. Determine x(3).
-18
Let x(z) = 18*z. Let w(v) = 5*v + 24. Let n be w(-4). Suppose 0*h = n*h + r + 5, 3*r = 3*h. Give x(h).
-18
Let u(q) = -8*q - 11. Let m(g) = 28*g + 2013. Let k be m(-72). Determine u(k).
13
Let y(g) = 41*g + 19. Let s(q) = -19*q - 10. Suppose -1 = n + 4*l, -4*n - 4*l - 1 = 39. Let o(h) = n*s(h) - 6*y(h). What is o(-19)?
-3
Let h(g) = g**3 + 8*g**2 + g + 14. Let l(n) = 19*n + 157. Let s be l(-7). Let v be (160/(-50))/(-2 - s/(-10)). Calculate h(v).
6
Let j(c) = -19*c + c**3 - 26 - 11*c - 2*c - 85*c**2 + 115*c**2. Let a be j(-31). Let h(r) = r. Determine h(a).
5
Let m(n) = 154*n + 2633. Let v be m(-17). Let u(i) = -i**3 + 15*i**2 + 6*i - 89. Calculate u(v).
1
Let u(r) be the third derivative of r**4/24 - 7*r**3/3 + 68*r**2. Let s(d) = 2*d**2 + 25*d + 66. Let w be s(-7). Calculate u(w).
-25
Let q(t) = 9*t**2 - 948*t + 317. Let x be q(105). Let i(f) = -11*f + 4. Calculate i(x).
-18
Let p(s) = -s**2 - 7*s - 1. Suppose 17 = 9*a - 46. Let x(j) = -j**2 + 8*j - 12. Let h be x(a). What is p(h)?
9
Let i(k) be the second derivative of -k**5/10 + 55*k**4/12 + 29*k**3/6 - 33*k**2/2 - 3812*k. Give i(28).
-5
Let o(a) = 0 - 6 - a**2 - 1 + 4*a + 5*a. Let p(h) = -h**3 - 2*h**2 - 5*h - 16. Let g be p(-5). Let z = g + -78. Determine o(z).
11
Suppose -l - 48 = 3*l. Let u(c) = 19*c**3 + 19*c**2 + 24*c + 15. Let d(g) = -155*g**3 - 153*g**2 - 194*g - 122. Let t(k) = 6*d(k) + 49*u(k). Determine t(l).
3
Let t(f) be the third derivative of -f**6/60 - 4*f**5/5 - f**4/12 - 13*f**3/2 + 1926*f**2. Determine t(-24).
9
Let q be (3 - 0)*2 + 0. Let l(n) be the first derivative of -1/2*n**2 - 11 + n. Determine l(q).
-5
Let p(j) be the second derivative of -7*j**4/12 - j**3/6 - 3*j - 24. Let u = -970 + 971. Determine p(u).
-8
Let y(c) = 8*c - 11. Suppose 327*l = 316*l + 44. Determine y(l).
21
Let h(q) = -2*q**2 + 8*q - 4. Let g(n) = n**3 + 23*n**2 + 2*n + 55. Let w be g(-23). Let d(i) = i**2 - 6*i - 21. Let x be d(w). Calculate h(x).
-28
Let a(r) = -r - 21. Let q(i) = -8*i - 7*i**2 + 9*i**2 + 8*i**2 + 15 - i**2 - i**3. Let g be q(8). Suppose -g*f + 0*f = 0. Determine a(f).
-21
Let d be (-2)/((14/7)/(-2)). Let n(g) = -3990 - d*g - 2*g + 6*g + 3999. What is n(-7)?
-5
Let j(k) = -610192 